 -1 + -1.
3
2 - (13 - 5) - -9
3
What is (-13 - -21) + -1 + 3?
10
(3 - (-1 + 5)) + 0
-1
Calculate -8 - (-1 + -8 + 4).
-3
What is 7 - (1 + 5 + -2)?
3
Evaluate 0 + 1 - (6 + (3 - 5)).
-3
What is the value of -1 - -1 - (-136 - -139)?
-3
Evaluate (8 - -2 - 7) + 0 + -3.
0
What is the value of 1 + (1 - 9 - 1)?
-8
(-89 - -81) + 0 + 8 + -2
-2
Evaluate -4 + 2 + (5 - (-2 - -7)).
-2
Calculate 3 - (5 + -8) - 9.
-3
1 + (-7 - -3) + 0 - -2
-1
What is the value of -11 + 7 + 2 + -5?
-7
Evaluate -5 + -1 + 1 - -10.
5
-4 + -9 + 10 - 4
-7
-54 + 42 + -1 + 6
-7
What is the value of (-6 - -10 - -6) + -4?
6
Evaluate 0 + 0 + -3 + 1 + 5.
3
What is 7 - 0 - 4 - 2?
1
What is the value of 7 + (-13 - -3 - -5) + -1?
1
Calculate 0 - -1 - ((0 - 12) + 14).
-1
What is -3 + 10 - (15 - 9)?
1
Evaluate 8 + -4 - 1 - (-3 + 1).
5
(-5 - -1) + -10 + 19 + -11
-6
What is 15 - (18 - 5) - -1?
3
Calculate 15 - (12 - 13 - -12).
4
Calculate (-4 - (0 - 3)) + 4.
3
Evaluate 1 + (-12 - -4) + (-4 - -15).
4
Calculate -7 + (17 - 8) - 4.
-2
What is -9 - (-4 - 2) - (1 - 6)?
2
What is 3 - (0 + 3 - -5)?
-5
What is 0 + -4 + (4 - 4)?
-4
Calculate (-1 - 0 - -4) + -8.
-5
What is the value of 3 + (-3 - (-4 - -2))?
2
0 - -2 - -1 - (1 - 3)
5
Evaluate -13 + (-12 + 1 - -23).
-1
(-104 - -114) + 0 + -1 + -1
8
5 + 3 + -1 - 9
-2
What is (10 - -2) + -4 - 8?
0
-6 + (15 - 7) + 0
2
Evaluate -1 - 6 - (0 + -1 + -13).
7
What is the value of -4 + (5 + -3 + -2 - -4)?
0
3 + (-1 - -1) + (-8 - -7)
2
What is the value of -4 - ((1 - 3) + -2 + 1)?
-1
What is 2 - ((-8 - 2) + 9)?
3
Calculate -4 - (-6 + -11 + (-3 - -9)).
7
What is (-4 - -21) + -12 + 2?
7
What is the value of -3 - (-4 + (0 + -3 - -4))?
0
Calculate -7 - (5 - 16) - 12.
-8
Calculate 4 - (-6 - (-11 - -1)).
0
Evaluate (1 - 2) + (15 - 2) + -7.
5
What is the value of -17 - (0 - (7 - -3))?
-7
Evaluate -4 + 6 - (2 + -4).
4
What is (-1 - -1) + 20 + -18?
2
What is the value of 0 + 3 + (10 - 12) + 1?
2
Evaluate -4 + (11 - 6) - (-8 - -6).
3
What is -5 - (5 - (15 - 3 - -1))?
3
Evaluate 5 + 0 - (6 + (1 - -4)).
-6
Evaluate 1 + 0 + -1 + 2.
2
(8 - (-3 - -3)) + -11
-3
10 + -7 + -1 + -1 - -2
3
What is the value of -3 + (1 - 7) + 7 + -1?
-3
Calculate 5 + -1 - (2 + -2) - -4.
8
What is the value of 7 - 6 - (7 + -2)?
-4
Calculate 19 + -11 + 0 - (7 - 1).
2
-7 - (2 - 2 - (-3 + 7))
-3
What is (0 + -3 - -2 - -6) + 0?
5
What is the value of -10 + -7 + 11 + 5 + -4?
-5
What is (4 - 11) + (0 - -2)?
-5
What is the value of 6 - (0 + (12 - 4))?
-2
2 + (1 - -1 - (1 - -2))
1
Evaluate -2 + 0 + (0 - -3).
1
Evaluate 0 + 1 + (-5 - (-1 + -5)).
2
What is the value of -1 + (-2 - 5 - (15 - 19))?
-4
Calculate 0 - (-7 - -5) - 10.
-8
What is the value of -3 + (-4 - (2 - 12)) + -3?
0
-3 - -2 - (-2 - 0)
1
Calculate 1 - (-6 + 6 + -3).
4
Calculate 7 - (-4 - -2 - 0).
9
What is the value of 1 - 11 - (-2 + (-2 - 3))?
-3
What is the value of -4 - -4 - (-2 - -3)?
-1
Calculate -19 - (-7 + 10 + -14).
-8
-7 - -9 - (1 - 4) - 1
4
Calculate -11 - (-5 + -6 - -6).
-6
Calculate -69 + 68 + (0 - (1 + -5)).
3
What is 1 + -2 + 14 + -8?
5
-4 + 0 - (-12 + 3)
5
(0 - 4) + 5 - (0 - -2)
-1
(15 - 10) + -8 + (-1 - 1)
-5
Evaluate -1 - (-7 + 1) - (402 + -394).
-3
What is 0 - (-2 - -5) - -5?
2
What is the value of 3 + -2 + (-2 - 0)?
-1
What is the value of 8 - 8 - 3 - -3?
0
0 - (-3 - -8) - 0
-5
Calculate 0 - (0 + (-7 - -9)).
-2
Calculate -3 + 8 + -2 - (32 - 33).
4
Calculate (0 - -9) + (5 - 0 - 9).
5
Evaluate 4 - (6 + -6 + 1) - -4.
7
What is the value of -2 + -8 + (12 - 4) + 6?
4
Calculate 1 - -7 - (-3 + 6 + 1).
4
What is the value of -4 - (-3 - ((-7 - -7) + 7))?
6
5 - (-6 + 6) - 10
-5
-6 + 12 + -6 - -4
4
What is 278 + -272 + -5 + 1 + 0?
2
What is 2 + (-1 - -5 - (-2 + 3))?
5
What is the value of 2 + (-1 - -6) + -3 - 0?
4
Evaluate -1 - (-12 + 4 + 5).
2
What is 3 + -6 + -4 + 6?
-1
What is (2 - -2) + (-1 - (0 - 4))?
7
What is the value of 21 - (21 - (1 + 8))?
9
What is the value of 6 + -1 + (-5 - -5)?
5
-19 + 16 - (1 + 1)
-5
-17 + 21 - (1 - (-2 - 0))
1
-1 - 5 - (-7 + 4)
-3
-3 + (9 - 1) + -7 + 1
-1
22 + -25 + (3 - 0)
0
What is 0 - -7 - 16 - -5?
-4
Evaluate -2 - -4 - (-45 - -39).
8
What is -12 + 7 + 2 + 3?
0
(-2 - -2) + 3 - 5 - -5
3
Evaluate -7 - -1 - (-38 - -30).
2
1 + (1 - -8) + (4 - 7)
7
Evaluate (3 - 5) + 3 + -4 + 1.
-2
What is -8 + 4 + 5 + -3 + 1?
-1
What is (0 - -5) + -5 + -5 + 4?
-1
Calculate (1 + 1 - -5) + -19 + 19.
7
-3 + (-2 - 1) + (8 - 4)
-2
Evaluate -4 + -1 + (-95 - -104).
4
What is (-6 - -11) + (-12 - -2)?
-5
What is -6 - (4 + -4 + -3 + 2)?
-5
Calculate (-6 - (-6 + 6)) + 3.
-3
Evaluate 4 + (13 + -4 - 3) - 4.
6
What is the value of (0 - (-4 + 0)) + -5 + 6?
5
(1 - 0) + -8 - (-2 + -1)
-4
What is the value of (1 - 2) + 4 + (8 - 4)?
7
0 - -3 - (19 - 16) - 2
-2
0 - 4 - -2 - -2
0
What is 0 - (-6 - -3) - 0?
3
Evaluate -8 + 14 + 1 + -15.
-8
What is 3 + 0 - (14 + -16)?
5
What is -2 + 4 + -2 + -2 - 1?
-3
Evaluate 11 + -14 + (7 - (2 - 0)).
2
What is 0 - 3 - (0 + -5 + 0)?
2
What is the value of 0 - ((2 - 2) + -4)?
4
What is the value of 1 - (-9 + (6 - -1))?
3
Evaluate (-1 - (4 - (-5 + 5))) + 0.
-5
Evaluate (-2 - 1 - (-1 - 5)) + -5.
-2
What is the value of 5 - 0 - (2 + 27 - 18)?
-6
-1 + -5 - (-8 - -5)
-3
What is the value of (3 - -1) + (3 - 7)?
0
Calculate 0 + -4 + 14 + (-9 - 8).
-7
What is the value of 3 + (2 - 2) + -3 + 1?
1
-8 - -2 - (32 + -37)
-1
Calculate (-1 + -1 - 2) + -1.
-5
(-3 + 5 - 4) + 3
1
(0 + -4 - (14 + -19)) + 5
6
Evaluate 12 + -6 + 6 + -3.
9
-3 - (-3 - (-10 - (-1 + -5)))
-4
Evaluate 6 + (1 - 3) + (-18 - -18).
4
Evaluate -2 + -12 + 9 + 8.
3
Calculate 5 - (3 + 2 - (1 - -1)).
2
What is 0 + -3 + 4 + (2 - 1)?
2
Calculate 7 - 1 - (-2 + 3 - 1).
6
What is (-11 - (-7 - 0)) + -2?
-6
What is the value of -71 + 68 - (-1 - (-1 + 0))?
-3
What is (1 - (0 - 1) - 0) + 1?
3
Evaluate -3 + 2 + (3 - 6) + 4.
0
What is (-3 + 2 - -10) + -4?
5
What is 1 + (4 - (6 + -2))?
1
Calculate -2 - (8 - (4 + 1)).
-5
What is 4 - (-7 + 4 + -1 + 5)?
3
Evaluate 5 + (-5 - (-1 + 0)).
1
3 + -4 + 0 + -1
-2
Calculate (-3 - (3 - 14)) + -4.
4
What is the value of 62 + -60 - (1 - -3)?
-2
What is the value of (5 - 2) + (0 + -2 - 5)?
-4
What is the value of (-7 - (-5 + (-5 - -4))) + -3?
-4
What is 13 - 18 - (0 + -1)?
-4
Evaluate 5 + -2 - (-20 + 10 + 2).
11
-1 + 1 + -1 - (1 - 1)
-1
What is 50 - 57 - (1 + -5)?
-3
Calculate -4 + 13 + -7 - -3.
5
Evaluate -1 - -6 - (-1 - (1 - 4)).
3
What is -8 + -1 + 1 + 4 + 0?
-4
What is the value of (-1 - 2) + 1 + (-9 - -5)?
-6
(-32 + 23 - (-4 + 1)) + 5
-1
What is -1 + 0 + 2 - (-14 - -16)?
-1
What is 3 + 7 + (2 - 2) + -5?
5
What is -5 - (-6 - -1) - -2?
2
Calculate 1 - (2 - 1 - (2 - 0)).
2
(19 - 27) + (14 - 5)
1
Evaluate 4 + (7 + -11 - 6).
-6
What is the value of -1 + -2 + 1 + -5 + -1?
-8
Calculate 6 + (-4 - -3) + 1 + -12.
-6
Calculate 6 + -16 + 17 + (-7 - -1).
1
Calculate 9 - (-10 + 24 - -3).
-8
What is -4 - (-1 - (-12 - -10))?
-5
Calculate -20 + 3 - -5 - (-8 + 1).
-5
Calculate (1 - 2) + 2 + 0.
1
What is -7 - (-7 - (-6 + 2))?
-4
Evaluate (0 - 2) + -3 + 6.
1
Calculate 1 - (-1 - (-3 + 0 - 1)).
-2
2 + 0 - -5 - 9
-2
What is 2 - -3 - (8 + 1)?
-4
What is 0 + 0 - -3 - 2 - 1?
0
-5 + 3 + 0 + 3
1
Calculate (-2 - 1) + (-7 - (9 + -17)).
-2
What is the value of (-2 - (3 + -3)) + -3 - -9?
4
Evaluate -1 + 6 - (0 - -7).
-2
What is 7 + -4 + 0 - (-1 + -1)?
5
Calculate 2 + 4 + 1 + -4 - 5.
-2
What is the value of -2 - (-2 + 2) - (-34 + 40)?
-8
-10 + 4 + (2 - 1)
-5
Calculate 9 - ((-3 - -11) + -4).
5
Calculate -3 + -2 + (7 + -7 - -2).
-3
Evaluate -11 - (-2 + 10) - -11.
-8
What is 1 - (0 - (0 - -2) - -6)?
-3
Calculate 5 + 0 + 4 + -6 + 4.
7
What is the value of -7 + (53 - 59 - (0 + -5))?
-8
Calculate -2 - 0 - (10 - (-9 - -21)).
0
-2 + (-4 + 6 - 0)
0
What is the value of (3 - -6) + -31 + 15?
-7
Evaluate 1 - (8 + -2) - (-2 + -3).
0
Calculate 6 + 1 - (8 + -1 - -2).
-2
Evaluate -3 - ((22 - 12) + -12).
-1
What is (2 - 0) + (-8 - -8)?
2
What is the value of -15 + 1 - (-27 - -21)?
-8
What is 2 + (4 - 7 - -4) + -6?
-3
What is (-23 + 7 - -8) + 2?
-6
What is the value of -3 - (6 + -5 - -2) - -1?
-5
What is 5 - (5 + -3 + 3 + -6)?
6
Evaluate 5 - 9 - 4 - (2 - 6).
-4
-2 + 1 + (3 - -7)
9
What is the value of -2 + 1 - (17 - 15)?
-3
Evaluate -5 + 4 + -8 + 11.
2
Calculate (7 + 3 - 22) + 5.
-7
What is the value of (-2 - -1) + (4 + -9 - -1)?
-5
Calculate 0 - -3 - (-2 - -3 - 0).
2
Calculate 6 - 8 - -5